46?
41
Suppose -433 - 631 = 14*x. Let o = x - -195. Let s(r) = r**2 - 7*r + 6. What is the remainder when o is divided by s(9)?
23
Let k = 8 + -5. Suppose -3*f + 2*h = -k*h - 254, -5*h - 98 = -f. Let n = 66755 - 66714. Calculate the remainder when f is divided by n.
37
Suppose -80*t - 13392 + 11090 = -41582. What is the remainder when 1531 is divided by t?
58
Let m(r) be the first derivative of -r**4/4 + 4*r**3/3 + 7*r**2/2 - 18*r - 78. What is the remainder when 15 is divided by m(4)?
5
Suppose -h + 2*h - 4*c + 8 = 0, 4*c = 0. Let q(k) = k**3 + 6*k**2 - 19*k - 5. What is the remainder when q(h) is divided by 5?
4
Let y = -45 + 56. Suppose -y*l + 656 = -565. Suppose -1 = -2*r + l. Calculate the remainder when r is divided by 15.
11
Suppose 0 = 108*n - 2127 - 3813. What is the remainder when 1299 is divided by n?
34
Let q = 393 - 342. Calculate the remainder when 392 is divided by q.
35
Let h(b) = -b + 7. Let g be h(5). Suppose -g*z - 2*z - 20 = -4*p, 0 = -3*p + 2*z + 14. Calculate the remainder when -12 - -30 - (4 + 0) is divided by p.
2
Suppose 5*a - 28 = a. Let u(q) = 8*q**2 - 8 + q**2 - 8*q**2 - 8. What is the remainder when 95 is divided by u(a)?
29
Suppose 3*y - 288 = -0*y. Let g(w) = -5*w**2 - 33*w - 18. Let z be g(-6). Suppose z = -30*s + 30 + 390. What is the remainder when y is divided by s?
12
Let g(u) = 2*u**2 + u + 1. Let j(n) = 2*n**3 - 23*n**2 - n + 38. Let r(z) = -2*g(z) - j(z). What is the remainder when 63 is divided by r(9)?
31
Let o(i) be the third derivative of i**5/60 - 7*i**4/24 - 25*i**3/3 + 21*i**2 + 2. What is the remainder when 92 is divided by o(14)?
44
Let y(x) = -3*x**3 - 22*x**2 - 13*x - 16. Suppose -5*o = -r + 38, -3*o = -5 - 1. What is the remainder when r is divided by y(-7)?
22
Suppose -91*o + 92*o - 43 = 0. What is the remainder when 307 is divided by o?
6
Let m(w) = 2*w + 10. What is the remainder when (-19)/((-133)/546)*2/4 is divided by m(-3)?
3
Let d(y) = -11*y - 55. Let c be d(-6). Suppose -87 = c*b - 505. What is the remainder when 74 is divided by b?
36
Let x(a) = -12*a**2 + 13*a + 21. Let f(v) = -13*v**2 + 12*v + 20. Let o(c) = 5*f(c) - 6*x(c). Calculate the remainder when o(-6) is divided by 28.
26
Suppose -7*p - 13 + 20 = 0. What is the remainder when 844 is divided by 4 - (p + 5 + (-4 - 75))?
74
Suppose -4*v + 8*v - 1200 = 0. Suppose -14*c = -516 + 292. Calculate the remainder when 6/5*v/8 is divided by c.
13
Suppose 0 = -23*h + 7*h + 470 + 186. Calculate the remainder when 306 is divided by h.
19
Suppose 3*r = 2*o - 27 - 37, -3*o + 2*r + 106 = 0. Calculate the remainder when 477 is divided by o.
21
Suppose 127*u - 1188 = 118*u. What is the remainder when u is divided by 37?
21
Calculate the remainder when (-4)/(-3)*6/(-96)*4198*-12 is divided by 246.
16
Suppose -336 = -12*u - 12*u. Suppose -16*c + 34 = -u*c. What is the remainder when 64 is divided by c?
13
Let f = -11326 - -11343. Calculate the remainder when f is divided by 4.
1
Suppose 0 = -3*y - 2*f + 4777, 2*y - 3743 = -3*f - 555. Calculate the remainder when y is divided by 34.
27
What is the remainder when 4*(-2)/(-36) - 174028/(-2817) is divided by 38?
24
Suppose 0 = 5*f + 6 - 26. Suppose -m + 2*w + 270 = -0*m, -3*w = -f*m + 1100. What is the remainder when m is divided by 10?
8
Suppose 9*t = -146*t + 21*t + 2546. What is the remainder when 474 is divided by t?
18
What is the remainder when -1070*8/(-20)*50/40 is divided by 15?
10
Let g be (-234)/(-182) - 4/14. What is the remainder when (-1 + 2)*(3 - -32) is divided by (-20 - -34) + 4/g?
17
Suppose 0 = 3*k - 12, 5*a + 38 = -2*k + 4*k. Calculate the remainder when 45 is divided by (-275)/(-75) - (2 - (-14)/a).
1
Suppose -5*f - 27 = -97. Let i = -19644 + 19698. What is the remainder when i is divided by f?
12
Let n be ((-4 - 1) + 7)/(-1). Calculate the remainder when 0/(-2) + 3 + (-74)/n is divided by 21.
19
Calculate the remainder when ((-108)/12 - -5) + 206 is divided by 30.
22
Let i = 6 + 8. Let o(z) be the second derivative of -z**5/20 + 7*z**4/6 + 5*z**3/6 - 35*z**2/2 + 3973*z. What is the remainder when o(i) is divided by 12?
11
Suppose 0 = 4*v - 8, -6327 = -5*n - 2*v + 1747. Calculate the remainder when n is divided by 226.
32
Let x be 1/((-1)/28)*4. Calculate the remainder when (5/(-2) - -2)*x is divided by (2 - 12)/((-58)/87).
11
Let a(j) = -j - 89. Let s be a(37). Let v = s - -371. Calculate the remainder when v is divided by 6.
5
Suppose -4*o - 2*m = -748, 4*o - 4*m + 173 = 5*o. What is the remainder when 1860 is divided by o?
159
Suppose 2*y + 199 = 3*s, 288 = 253*s - 249*s + 3*y. Calculate the remainder when s is divided by 14 + -4 + -2 + 6.
13
Let q(v) = v**3 + 8*v**2 + 9*v + 36. Let b be q(-11). Let i = -355 - b. Calculate the remainder when i is divided by 18.
17
Let g = 54748 - 54735. Let c(b) = 237*b + 2. Calculate the remainder when c(3) is divided by g.
11
Let a(v) be the first derivative of 11*v**2 + 6*v + 25. Calculate the remainder when a(1) is divided by (6/(-4))/((-1)/10).
13
Let v = 53 + -52. Suppose n - g - g = v, 0 = 4*g - 4. Suppose n*a = 9*a - 384. Calculate the remainder when a is divided by 13.
12
Let y = 395 + -390. Suppose -5*d = -25, 0*v - 51 = -2*v + y*d. What is the remainder when 78 is divided by v?
2
Suppose 280 = 14*s - 10*s. What is the remainder when -2*6/4*(-7906)/177 is divided by s?
64
Suppose -3*p - d = 65, -53 - 31 = 4*p + 4*d. Let x(r) = -7*r - 106. Let f be x(-25). Let y = f + p. Calculate the remainder when y is divided by 12.
11
Suppose -3 = -2*p - 1. Suppose -26*b + 802 = -316. Suppose -f + 44 = b*f. What is the remainder when f is divided by p?
0
Suppose -4*h = 3*f, h + 0*h + 3 = 0. Let n be 185/37 - (5 - 1). Suppose 5*w = f*d - 58, d = -4*w + 3 + n. Calculate the remainder when 21 is divided by d.
9
Let y(f) = -6*f**3 + 40*f**2 + f - 8. Let h(p) = 5*p**3 - 40*p**2 + 7. Let n(i) = 4*h(i) + 3*y(i). What is the remainder when n(20) is divided by 35?
29
Let o = -16 - -22. What is the remainder when ((-20)/(-12)*-1)/(70/(-1932)) is divided by (3/o)/((-2)/(-32))?
6
Let k = -4219 + 11058. Calculate the remainder when k is divided by 95.
94
Let o = 30800 - 30433. What is the remainder when o is divided by 68?
27
What is the remainder when 18563 is divided by (-306)/(-255)*5*17?
101
Suppose 18*p + 17*p - 385 = 0. Suppose -254 = -p*d + 263. Calculate the remainder when d is divided by 12.
11
Let m(y) = -30*y + 27. Calculate the remainder when 1041 is divided by m(-2).
84
Let h(m) = m**2 - 5*m + 1. Let x(c) = 6*c**2 - 35*c + 24. Let l(n) = 5*h(n) - x(n). Let k = 15 - 9. What is the remainder when 29 is divided by l(k)?
4
Suppose 255*y = 275*y - 4240. Calculate the remainder when y is divided by 27.
23
Suppose 3*w - 18*w + 1093 = 73. Calculate the remainder when 2379 is divided by w.
67
Let j = -189 + 183. Let p(i) = -i**2 - 21*i - 78. What is the remainder when 430 is divided by p(j)?
10
Suppose -4*c + 2*y - 53 = -5*c, -5*c = -5*y - 235. Suppose 0*q - 15 = -3*q, 2*g - 3*q - c = 0. Let p = -133 + 227. What is the remainder when p is divided by g?
30
Calculate the remainder when (-12 + (-15)/(-3) - -607) + -2 is divided by 29.
18
Let o(b) = 48*b + 61. Let z(c) = 49*c + 62. Let r(j) = 6*o(j) - 7*z(j). What is the remainder when r(-5) is divided by 43?
35
Let z = 282 + -52. Suppose -z = -15*y - 50. Calculate the remainder when 35 is divided by y.
11
Let u = 112 + -111. Let x(k) = 226*k + 3. Let d(y) = y + 1. Let r(s) = -6*d(s) + x(s). What is the remainder when r(u) is divided by 55?
52
Let n(l) = 3*l - 3 - 11*l**2 + 9*l**2 + 2*l**2 + 4*l**2. Calculate the remainder when n(6) is divided by 20.
19
Let l be -11 + -1 + 1 - 0. Let k(d) = -3 - 2 - 8*d + 0*d + 6*d. Calculate the remainder when k(l) is divided by 3.
2
Let f(p) = 4*p + 18. Let s be f(-19). Let r = 50 + s. What is the remainder when 49 is divided by 0/r + -1 + 16?
4
Let x(k) = -9*k + 39. Let u be x(4). Suppose -u*m + 22 = -146. What is the remainder when m is divided by 22?
12
What is the remainder when 478 is divided by 4/(-2) - (-23 - -9)?
10
Suppose -5*b - 18*q - 582 = -17*q, -2*b - 4*q - 222 = 0. Let j = b + 160. Suppose 3*m - m + 3*h = 42, -8 = -2*h. What is the remainder when j is divided by m?
13
Let h = 220 - 218. Suppose h*x + 74 = 4*x. Suppose -2*i - 440 = -6*i. Calculate the rem